*j + 3*x. What is the units digit of j?
2
Suppose 0 = 5*u - 33 + 13. Let o(p) = 5*p**3 - p**2 + 5*p + 3. Let s be o(u). Suppose 0 = 19*t - 16*t - s. What is the hundreds digit of t?
1
Suppose -22*m - 4*d - 6446 = -24*m, -3226 = -m - d. What is the units digit of m?
5
Let q(m) be the third derivative of -m**6/40 + m**5/60 - m**4/24 - m**3/6 - m**2 - 115. What is the units digit of q(-1)?
4
What is the tens digit of 10*(-8)/16 + 1*27368 + 3?
6
Let q(p) = -p**3 - 10*p**2 - 11*p - 13. Let c(d) = -d**3 + 3*d**2 - 2*d - 3. Let o be c(3). Let z be q(o). Suppose w = z*w - 104. What is the units digit of w?
6
Suppose 11*c - 73*c - 3223222 = -145*c. What is the hundreds digit of c?
8
Let g(l) = l**3 - 2*l - 2. Let k be g(-2). Let n be 0 - (3 + k) - 7 - -689. Suppose 2*h + 665 = 5*b - 3*h, 5*b - h = n. What is the tens digit of b?
3
Suppose -3*t - 2*t - 10 = -5*c, 1 = t. Suppose c*s = -3*a + 303, 9*a + 299 = 3*s + 11*a. What is the tens digit of s?
9
Let z(s) = -6 - 13*s + 8*s**2 - 4 + 2 + 10*s - s**3. What is the tens digit of z(7)?
2
Suppose 4*n - 110 = 5*s, n - s - 32 = -2*s. Let f(j) = -2*j**2 + 59*j + 32. What is the units digit of f(n)?
2
Suppose -107*r + 2201568 = 36*r - 41*r. What is the hundreds digit of r?
5
What is the tens digit of (-1 - -1636)/(111/148) - (6 - -1)?
7
Suppose 0 = 4*j - 4*p - 73448, -2*j + 20*p = 22*p - 36728. What is the thousands digit of j?
8
Suppose 42*m + 29*m - 664036 = -11*m. What is the units digit of m?
8
Let v(w) = -6 + 0 - 2*w + 4*w. Let b be v(11). What is the hundreds digit of 8/b - 602/(-4)?
1
Let p be 10 - 6/(-15)*-5 - -4. What is the hundreds digit of ((-2536)/(-4))/(p - 11)?
6
Let i = -487 + 484. What is the thousands digit of 1*(1186/(-5) - i)*-5?
1
Let r = -90 - -94. Suppose -4*w = 2*m - 556, r*w + 4*m + 721 = 9*w. What is the hundreds digit of w?
1
Let b = -4057 + 5949. What is the hundreds digit of b/(-12)*9/(-3)?
4
Suppose 0 = -o - 5*o - 402. Let a = o + 71. Suppose 5*v + 3*f - 409 = -128, -210 = -a*v + 5*f. What is the units digit of v?
5
Let k(w) = 1773*w + 477. What is the hundreds digit of k(9)?
4
Let j = 15300 + 11843. What is the tens digit of j?
4
Let k(t) = 15*t**2 - 52*t + 322. Let l(v) = -2*v**3 + 20*v**2 - 19*v + 16. Let x be l(9). What is the hundreds digit of k(x)?
6
Let j(u) be the first derivative of -4*u**2 - 1/4*u**4 - 20 + 4*u**3 + 25*u. What is the tens digit of j(9)?
9
What is the ten thousands digit of 2*64770/36*3?
1
Suppose 5*g + 329 = 44. Let v be (-48)/((-1)/(-1))*874/g. Suppose 9*k - 470 - v = 0. What is the units digit of k?
4
Suppose -2*a + 11416 = -35666. What is the hundreds digit of a?
5
Suppose n - 15189 = 6*g - 7*g, -3*g + 45547 = -n. What is the tens digit of g?
8
Let f(o) = 25*o**3 + 2*o**2 - 55*o + 93. What is the hundreds digit of f(8)?
5
Let w = -122 + 119. What is the hundreds digit of (w/(-6))/((-14)/(-3892))?
1
Let d be -5*8*5/(-50). Suppose 0 = d*t - t. Suppose t = u + 2*u - 279. What is the units digit of u?
3
Let x(c) = 7*c + 1. Let o(z) = 7*z + 2. Let m(f) = -6*o(f) + 5*x(f). Let d be (1 - 6) + -4 - (-2 - 1). What is the units digit of m(d)?
5
Suppose -26*h + 22*h = -1660. Let z(g) = 136*g - 144. Let m be z(6). Suppose 0 = 2*o + 3*a - h, m = 4*o - 5*a - 213. What is the units digit of o?
5
Let o = -2909 - -5964. What is the units digit of o?
5
Let t be (-2 - -2) + 21 - (-3 - -8). Suppose 12645 = t*r + 4149. What is the tens digit of r?
3
Let u = -25865 + 91164. What is the tens digit of u?
9
Let j be 2229/(-15) - 2/5. Let x = 6 + j. Let h = -40 - x. What is the units digit of h?
3
Let g be (-1)/(4/(-16)) + -4. Suppose g = 5*u + 9*u - 3892. What is the hundreds digit of u?
2
Let i = -30 - -36. Suppose 2*l + 16 = i. Let v(m) = -18*m + 1. What is the tens digit of v(l)?
9
Suppose 7 = 2*c + 1. Suppose -c*z + 62 - 53 = 0. What is the tens digit of -46*(2/5)/(z/(-15))?
9
Let n(z) be the first derivative of -3*z**2/2 + 27*z - 12. Let r be n(8). Suppose r*i - 75 = 4*s, 3*s - s + 23 = i. What is the tens digit of i?
2
Let z(h) = 178*h + 1620. What is the units digit of z(25)?
0
Let y(a) = 491*a**3 + 3*a**2 - 2*a - 2. Let u be 45/(-10) - -5 - (-2)/4. What is the tens digit of y(u)?
9
Suppose 101*q - 18*q - 20252 = 0. What is the units digit of q?
4
Let d = -70 + 0. What is the units digit of ((-160)/d)/(-4) - 2524/(-7)?
0
Let g be 0 + -5 + (-8)/(24/(-39)). Suppose 5*x - 2*b = 1191, 4*b - g*b + 1173 = 5*x. What is the hundreds digit of x?
2
Suppose -i - 67688 = -d + 32892, d + 5*i - 100556 = 0. Let t be d/288 + (-2)/9. Suppose -2*m = -85 - t. What is the tens digit of m?
1
Let c be ((-10)/(-25))/((-3)/(-30)) - -275. Let k = c + 86. What is the hundreds digit of k?
3
Let i = 7679 + -2926. What is the units digit of i?
3
Suppose -2*n - 2*h + 5040 = 0, 4*n + h = 10875 - 798. What is the hundreds digit of n?
5
Suppose -3*n + 5 + 1 = 0. Suppose 5*q = -4*l - 7, -3*l + n*q = 1 - 13. Suppose -4*x - 4*u + 141 = -43, 0 = x + l*u - 48. What is the tens digit of x?
4
Let p = 291 + 3597. Suppose -3*z + p = 3*m, 389 + 4771 = 4*z - 2*m. What is the tens digit of z?
9
Let i be (-2 + -1 + 1)/((-6)/(-192)). Let o = -48 - i. Let q(f) = -f**3 + 15*f**2 + 23*f - 8. What is the tens digit of q(o)?
0
Let w be ((-1756)/(-10) - 1) + (-12)/20. Suppose -4*j + w = -j + 3*b, 4*j = b + 212. Suppose -32*o + j = -30*o. What is the units digit of o?
7
Let u = 62 + -76. Let v(r) = -r**3 - 12*r**2 + 3*r - 4. What is the hundreds digit of v(u)?
3
Let i(v) = 4*v**3 - 3*v**2 - 5*v - 16. Let c(u) = 5*u**3 - 4*u**2 - 6*u - 15. Let x(o) = 2*c(o) - 3*i(o). What is the units digit of x(-5)?
8
Suppose -550*v + 503 = j - 549*v, 5*j - 2513 = -3*v. What is the tens digit of j?
0
Suppose 5*g + 5*s = -92955 + 404855, 0 = -3*g + 2*s + 187150. What is the thousands digit of g?
2
Let y be 36/15*(-50)/(-20). Suppose -2*b + y = 0, -2*u - b + 4*b = -231. What is the hundreds digit of u?
1
Let y = -100 - -103. Suppose 0 = 4*c - y*a - 596, -188 = -5*c - 2*a + 580. What is the tens digit of (c/(-20))/(12/(-90))?
5
Let d = -717 + 4735. Suppose 213*l - 206*l = d. What is the hundreds digit of l?
5
Let c = -79 - -77. What is the hundreds digit of (-1 + c*1)/((-71)/7739)?
3
Suppose 0 = -11*b + 8*b - 3*f, 12 = b - 2*f. Suppose -b*w + 4*d + 568 = 0, -17*d = 5*w - 21*d - 715. What is the hundreds digit of w?
1
Let i(t) = 2*t**3 - 168*t**2 + 115*t - 399. What is the tens digit of i(88)?
7
Suppose 0 = 3*m + f - 7, -4*m + 2*f = 4*f - 10. Suppose 0 = -2*z - 4*j - 2, m*z - j + 6*j = -2. Let q = z + 99. What is the tens digit of q?
9
Suppose 0 = -98*l + 1666792 + 552026. What is the thousands digit of l?
2
Let p(s) = -s**2 - 16*s - 31. Let h be p(-14). Let f(l) = -12*l + 9. Let o be f(h). What is the units digit of o + (-7)/(7/4)?
1
Let h = -102 - 10. Let n = 285 - h. What is the units digit of n?
7
Let q(u) = u**3 + 3*u**2 - 7*u - 6. Let n be q(-4). Let t be (54/45)/(n/(-80)). What is the units digit of 2958/(-68)*(t/(-6))/(-2)?
8
Let p(c) = -c + 35. Let r be p(20). Suppose -7*j + r = -13. Suppose 5*s - 28 = 4*s + 5*b, j*b + 26 = 2*s. What is the units digit of s?
3
Let a be (-2282)/(-28) + (-9)/(-6). Suppose 8*z - 2269 - a = 0. What is the tens digit of z?
9
Suppose 0 = 5*z - 5*l - 65, -3*l = -2*z + l + 28. Suppose z = -4*h + 40. Let d(f) = 3*f**2 - 7*f + 31. What is the hundreds digit of d(h)?
1
Let q(f) be the third derivative of 31*f**6/120 + f**5/15 - 13*f**4/24 + 10*f**3/3 - f**2 - 4*f. What is the tens digit of q(2)?
5
Let w(p) = 3588*p**2 + 37*p + 39. What is the units digit of w(-1)?
0
Let h(n) = n**2 + 10*n + 7. Let b be h(-8). Let t(p) = -2*p - 5. Let v be t(b). Suppose 0 = -4*k + v*k - 909. What is the units digit of k?
1
Let r = -403 + 408. Suppose 4*f - 228 = -2*j, r*j + 3*f + 1 - 599 = 0. What is the tens digit of j?
2
Let a = 99 + -98. What is the hundreds digit of (15/(-9) + a)/((-24)/16596)?
4
Let i(z) be the first derivative of -z**5/60 + 7*z**4/6 - 4*z**3/3 - 21*z**2/2 + 1. Let t(j) be the second derivative of i(j). What is the units digit of t(24)?
8
Suppose 2*m = -6*m - 456. Let b = m + 62. Let u(z) = 9*z + 2. What is the tens digit of u(b)?
4
Let o be (0/(1 + 1))/(-2). Let f = -106 - -197. Suppose o = r + 5*t - 85, 2*t = r + t - f. What is the tens digit of r?
9
Let a(r) be the third derivative of -41*r**4/8 - 31